+ 2*i. Does 11 divide q?
False
Let w be (-6 + -1 + -2)/(4 - 7). Let f(t) = 74*t + 1. Let h(u) = -25*u. Let n(c) = 6*f(c) + 17*h(c). Does 21 divide n(w)?
True
Let w(x) = -x**3 + 5*x**2 + 6*x + 2. Let q be w(6). Suppose -t = 5*n - 8, q*t - 4*n - 5 = -t. Does 16 divide 145/t + (-5)/15?
True
Let l = 14 + -5. Let c be (-6)/l*24/4. Is 13/(c/(-32)*4) a multiple of 3?
False
Let z(m) = -2*m**2 - 3*m**2 + 5*m**2 + m**2 + 2 + 3*m. Let r be z(-3). Suppose -2*x - r*x + q + 37 = 0, 0 = x + 4*q - 22. Is 10 a factor of x?
True
Let b(h) = -4*h + 33. Let x be b(-6). Let n = x + -35. Is 19 a factor of n?
False
Suppose 2*l - l - 5*w - 25 = 0, -3*l - w - 5 = 0. Suppose l = -9*f + 15*f - 12. Is f a multiple of 2?
True
Suppose -4*l = t - 3*l - 517, -4*t = -2*l - 2044. Let z = t + -238. Does 20 divide z?
False
Is 11 a factor of 740 - (-5)/15*-18?
False
Let r(q) = -q**3 + 9*q**2 + 11*q - 8. Let i be r(10). Suppose 5*v + 40 = 7*c - i*c, -2*v - 4 = c. Let k(n) = 2*n - 1. Is k(c) a multiple of 7?
True
Suppose 11 + 1 = 4*h. Suppose h*j + 0*j - 9 = 0. Suppose j*d - 2*y = 33, 0*y + y + 3 = 0. Does 4 divide d?
False
Suppose -5*s = 2*q - 6082, 14*q + 4888 = 4*s + 10*q. Is s a multiple of 21?
True
Does 11 divide 1*-4 - (-630 - -32)?
True
Suppose 0 = -3*t - 4*i + 19, 0 = -t - 0*t - 3*i + 13. Let n = -179 - -189. Let b = t + n. Is b a multiple of 9?
False
Suppose 0 = -r - 5*r + 17916. Does 12 divide r?
False
Let b(l) = -2*l**3 - 4*l**2 + 1. Is 3 a factor of b(-3)?
False
Suppose 4*s + 130 = 2*v, 0*s + 2*s + 70 = 2*v. Let d = 56 + s. Suppose 2*q - d = 4*i - 5*i, -4*i - q + 125 = 0. Is i a multiple of 8?
True
Suppose 6*h - h = -3*k + 330, -15 = -5*h. Is k a multiple of 11?
False
Suppose 5*x + 1161 = 4*y, 16*x = 3*y + 14*x - 876. Does 19 divide y?
False
Let k = 12 + -12. Let l(a) = k*a + 4*a + 6*a + 4 - 11*a. Is 7 a factor of l(-3)?
True
Let b = 23 + -52. Let g = 15 + b. Is 14 a factor of (6 + -3)/((-1)/g)?
True
Let y = -1546 - -1684. Is y even?
True
Suppose 4*x = -j + 131, 5*j - 33 - 94 = -4*x. Does 6 divide 0 - -2 - (-5 + (-2 - x))?
True
Let v(t) = 2*t**2 - 3*t + 1. Let c(o) = o**3 - 7*o**2 - 8*o + 3. Let s be c(8). Let f be v(s). Is 8 a factor of 28/(-3)*(-15)/f?
False
Let x(y) = -2 - 2*y**2 - 7*y**2 + 3 + 65*y**2 - 2*y. Is x(1) a multiple of 16?
False
Let t(d) = 3*d + 21. Let o be t(-7). Is (-3)/(o - 9/(-6)) + 58 a multiple of 4?
True
Suppose -5*x = -0*x - 95. Let g = x - 17. Suppose -q + 32 = 4*f, 18 = q + g*f - 22. Does 12 divide q?
True
Let q(k) = k**3 - k**2 + k - 2. Let j be q(2). Suppose g = j*z + 3, 1 - 16 = -3*z - 5*g. Suppose -3*c - 4*h + 23 = z, 3*c = -2*c - 4*h + 33. Does 3 divide c?
False
Let x be (8/3)/((-10)/(-15)). Suppose -3*k = -x*k + 2. Suppose 16 = -j + k*j. Is j a multiple of 16?
True
Suppose z + 10 = -3*m, m - 12 = 4*m + 3*z. Let l(n) be the third derivative of -n**4/8 - n**3 + n**2. Is l(m) a multiple of 3?
True
Let s be (-8)/(-20) - 38/(-5). Suppose 3*y - s*y = 2070. Does 9 divide 3/(-5) - y/15?
True
Let x(h) = h**3 - h**2 + h - 2. Let b be x(2). Suppose -b*i + 23 = -169. Does 12 divide i?
True
Let d(x) = 4*x**2 + 67*x - 6. Let c be d(-17). Let n be 0 + -2 + (21 - -3). Suppose 0 = -h + c + n. Does 6 divide h?
False
Suppose -7*w + 108 = -270. Is w a multiple of 6?
True
Suppose 48 + 3 = -4*a + g, -2*g = 2*a + 18. Is 13 a factor of ((-33561)/a)/11 + 6/8?
False
Is 18 a factor of -135*(-6)/(-3)*(70 - 71)?
True
Let n = 24 + -16. Let y = 22 + n. Suppose b = -2*b + y. Is 5 a factor of b?
True
Let c be 10/3 - 2/(-3). Suppose 2*x = 3*s + 376, -275 + 1192 = 5*x + c*s. Suppose 0 = -4*k + a + 241, 3*k - a - 4*a - x = 0. Is k a multiple of 9?
False
Suppose 2320 = 20*v - 12*v. Is v a multiple of 54?
False
Let v(t) = t**3 - 11*t**2 + 18*t + 56. Is v(10) a multiple of 16?
False
Let g(y) = y**2 - 7*y + 10. Let r be g(6). Suppose -15 + 81 = 2*s + 5*a, r*s + 5*a - 132 = 0. Is 23 a factor of s?
False
Let o(z) = -3*z + 94. Is 14 a factor of o(-19)?
False
Suppose 0 = c - 2 + 17. Suppose -4*a - g + 17 = -1, -g - 17 = -3*a. Is (1*-8)/(a/c) a multiple of 6?
True
Let x(c) = 50*c**2 + 3*c - 41. Is x(6) a multiple of 10?
False
Let u(s) = s**3 + 9*s**2 + 5*s - 17. Let t be (20/(-30))/(38/(-42) + 1). Is u(t) a multiple of 18?
False
Let r be -3 + 6/(1 + 1). Suppose s = -4*g + 36, -s + 4*s - 5*g - 142 = r. Suppose n + n - 13 = 5*y, s = 4*n - 4*y. Is 6 a factor of n?
False
Suppose 10 = -33*x + 34*x. Suppose 0 = -5*n - 0 + x. Does 2 divide n?
True
Suppose -34 = -i + 116. Suppose -u = -3*u + i. Is (8/(-10))/((-3)/u) a multiple of 5?
True
Does 18 divide -4*-9*(4 - 1)?
True
Let d(b) = -27*b - 42. Is d(-6) a multiple of 20?
True
Let u(o) = 6*o**2 + o + 3. Let x = -13 + 16. Let k be x/(-4) + 63/(-28). Is u(k) a multiple of 18?
True
Suppose 2*u + 3*g - 1820 = 6*g, 0 = -5*u + g + 4550. Does 70 divide u?
True
Let c be (21 - 19)/((-2)/(-180)). Let q be (-54)/(-5)*c/27. Suppose i - 7*i = -q. Does 9 divide i?
False
Let u be (-6)/(-9)*(159/2)/1. Suppose 0 = 4*b - 2*y - 2*y - 196, -5*y = -b + u. Does 16 divide b?
True
Let g = -5 + 7. Suppose 4*q - 2*q + 4 = 2*z, z + 3*q = g. Suppose 4*c = -5*s + 2*c + 360, z*c = -s + 80. Does 11 divide s?
False
Let h be ((-25)/(-10))/((3/(-10))/3). Let o = 44 + h. Is 14 a factor of o?
False
Suppose 1769*c - 1768*c - 1365 = 0. Is 39 a factor of c?
True
Let x = -982 - -1631. Is 22 a factor of x?
False
Let t = -719 - -892. Is t a multiple of 15?
False
Suppose 3456 = 100*b - 76*b. Is 25 a factor of b?
False
Let n be 18/(-8) - 2*8/(-64). Is (3/9*n)/(1/(-108)) a multiple of 24?
True
Let u(r) = -r**3 - 1. Let t be u(1). Let h = 29 - 32. Does 19 divide (t - h)/(4/128)?
False
Let h = 7 - 7. Suppose 31*t - 35*t + 304 = h. Is t a multiple of 19?
True
Let l = -71 - -85. Suppose -924 = -20*s + l*s. Is s a multiple of 11?
True
Let v(h) = 114*h + 240. Is v(13) a multiple of 22?
False
Let p(c) = -83*c - 213. Does 95 divide p(-6)?
True
Suppose -5*k + 538 = z + z, -3*z - 5*k + 817 = 0. Is z a multiple of 37?
False
Suppose 5*r = 78 - 23. Suppose -28 - 4 = -5*b + 4*p, p = 4*b - 19. Let j = r + b. Is 15 a factor of j?
True
Let d be 522/(-135) - (-1)/(45/(-6)). Is 20 a factor of d + 6/1 - -58?
True
Suppose 4*i + 2844 = 5*n, -n - 4*i = -508 - 80. Is 49 a factor of n?
False
Suppose 0 = -5*k - 10 + 20. Let g be (-16)/(-8) + (22 - k). Suppose -n + 45 = g. Does 3 divide n?
False
Let l = 435 + -202. Does 36 divide l?
False
Suppose 0 = 3*z - 113 - 187. Suppose -28*s = -29*s + z. Is 10 a factor of s?
True
Suppose 52 = 2*w - 2*x, -4*w - x = -0*w - 109. Let u = 48 - w. Does 3 divide u?
True
Let g = -546 + 1383. Is 27 a factor of g?
True
Suppose 3*o + 6 = c + 2*c, -3*c = -o - 2. Let d = -11 - o. Is 11 a factor of (-196)/d + (-4)/(-18)?
True
Let f be 2/(-12) + (-147)/(-18). Let v be 1/(-4) + 34/f. Suppose -v*p = -6*b + 4*b + 108, 5*b - 3*p - 249 = 0. Is 12 a factor of b?
True
Let y be 2/(4*4/216). Suppose 2*c - y = -c. Let z(n) = n**2 - 5*n + 2. Does 19 divide z(c)?
True
Let r = -750 - -861. Is r a multiple of 3?
True
Let l = 940 - -1580. Does 95 divide l?
False
Suppose -q = -3*s - 134, 2*q - q - 132 = 2*s. Suppose -30*o = -28*o - q. Is o a multiple of 10?
False
Let i be (-16)/28 - (-96)/21. Suppose 3*g - 4*g - i = 0, -4*p + 2*g + 24 = 0. Does 12 divide 292/p + 4/(-4)?
True
Suppose -10 + 88 = 2*b - 4*d, b + 3*d - 44 = 0. Let r = b + 32. Is r a multiple of 37?
False
Let c(s) = 3*s**2 + 22*s - 16. Let k be c(-8). Let i(p) = -4*p + 3*p - p**3 + 46 + 2*p**3. Is i(k) a multiple of 6?
False
Suppose 2*k + 3*p - 290 = 0, -11*p = -6*p - 10. Let l = 205 - k. Does 12 divide l?
False
Let g(n) = -3*n - n**2 - 3*n**2 + 14*n + 3*n**2 - 13. Let f = 81 + -74. Is g(f) a multiple of 3?
True
Let w(a) = a**2 - 16*a + 15. Suppose 0 = 3*f - y - 49, -f + 2*y - 28 = -2*f. Does 4 divide w(f)?
False
Let q be 753/6*(-8 - 4)*1. Is 12 a factor of q/(-21) + (-2)/(-7)?
True
Suppose 0 = 6*f - 24, -338 - 1209 = -3*b + 4*f. Does 24 divide b?
False
Is 4 a factor of ((-2 + 0 - -2) + 48)/1?
True
Suppose -32 = -3*z - 5*g, -5*g + 8 = z + 14. Suppose -42 = -s - 9. Let i = s - z. Does 9 divide i?
False
Let g = -72 - -25. Let k = 109 + g. Is 15 a factor of k?
False
Let w = 20 - 33. Let h = w + 15. Suppose i + 2*i = 4*z + 44, 52 = 3*i - h*z. Is 10 a factor of i?
True
Let z(m) = -5*m - 6. Let i be z(3). Let p = i + 28. Suppose p*a = 12*a - 50